{"id":947,"date":"2014-03-09T20:48:19","date_gmt":"2014-03-09T17:48:19","guid":{"rendered":"http:\/\/improteatris.lv\/?page_id=947"},"modified":"2017-09-29T03:28:21","modified_gmt":"2017-09-29T00:28:21","slug":"teatra-sports","status":"publish","type":"page","link":"https:\/\/improteatris.lv\/?page_id=947","title":{"rendered":"Te\u0101tra sports"},"content":{"rendered":"<p style=\"text-align: justify;\"><strong>Te\u0101tra Sports (TSP)<\/strong> ir improviz\u0101cijas te\u0101tra specifisks novirziens, kur\u0101 tiek metodiski organiz\u0113ta sacens\u012bba starp div\u0101m vai vair\u0101k\u0101m aktieru komand\u0101m. Proces\u0101 tiek iesaist\u012btas konkr\u0113tas improviz\u0101cijas tehnikas, v\u0113rt\u0113\u0161anas sist\u0113ma un komisija.<\/p>\n<p style=\"text-align: justify;\">Latvij\u0101 TSP \u0113ra aizs\u0101kusies 1995. gad\u0101, kad Jaunaj\u0101 R\u012bgas te\u0101tr\u012b viesoj\u0101s Stokholmas &#8220;Zupas te\u0101tris&#8221;, kur\u0161 iepaz\u012bstin\u0101ja viet\u0113jos m\u0101ksliniekus ar min\u0113taj\u0101m tehnik\u0101m. Jau 1996. gad\u0101 Latvij\u0101 notika pirm\u0101 rado\u0161\u0101, TSP velt\u012bt\u0101 laboratorija, bet 1997. gada ruden\u012b &#8211; pirmais TSP ma\u010ds Jelgavas Studentu te\u0101tr\u012b. Kop\u0161 2000. gada \u0161aj\u0101 te\u0101tr\u012b Studentu dienas ietvaros tiek organiz\u0113ti republik\u0101niskie Starpaugstskolu TSP turn\u012bri.<\/p>\n<p style=\"text-align: justify;\">1997. gad\u0101 tika dibin\u0101ta <strong>biedr\u012bba &#8220;Te\u0101tris un Izgl\u012bt\u012bba&#8221;<\/strong> &#8211; ko paveica Juris Rijnieks <em>(Jaun\u0101 R\u012bgas te\u0101tra m\u0101kslinieciskais vad\u012bt\u0101js)<\/em>, Astra Kacena <em>(Jelgavas Studentu te\u0101tra vad\u012bt\u0101ja un re\u017eisore)<\/em>, Ing\u016bna Gremze <em>(re\u017eisore un te\u0101tra pedago\u0123e)<\/em> un Ligita Smildzi\u0146a <em>(ISMA Kult\u016bras un m\u0101kslas akad\u0113mijas docente, studijte\u0101tra &#8220;Aka&#8221; vad\u012bt\u0101ja)<\/em>.<\/p>\n<p style=\"text-align: justify;\"><span style=\"color: #ff0000;\">\u25ba<\/span> Par TSP gar\u012bgo t\u0113vu tiek uzskat\u012bts K\u012bts D\u017eonstons, kur\u0161 izstr\u0101d\u0101jis TSP metodiku 20. gadsimta 60-ajos gados Anglij\u0101 un kop\u0161 t\u0101 laika uzrakst\u012bjis vair\u0101kas gr\u0101matas par TSP b\u016bt\u012bbu un tehnik\u0101m, k\u0101 ar\u012b ir \u0161\u012b improviz\u0101cijas te\u0101tra paveida ofici\u0101l\u0101s licenzes izdev\u0113js &#8220;International Theatresports Institute Calgary&#8221; ietvaros. Latvij\u0101 attiec\u012bg\u0101s <b>licences tur\u0113t\u0101js<\/b> ir jau min\u0113t\u0101 biedr\u012bba &#8220;Te\u0101tris un Izgl\u012bt\u012bba&#8221; (Re\u0123. Nr.\u00a0 50008028941); par licences izmanto\u0161anu un citiem saist\u012btiem jaut\u0101jumiem J\u016bs esat aicin\u0101ti sazin\u0101ties ar biedr\u012bbas valdes priek\u0161s\u0113d\u0113t\u0101ju Ligitu Smildzi\u0146u [<a href=\"mailto:ligita.smildzina@gmail.com\" target=\"_blank\"><u>e-pasts<\/u><\/a>].<\/p>\n<p style=\"text-align: justify;\">Sav\u0101 darb\u012bb\u0101 biedr\u012bba &#8220;Te\u0101tris un Izgl\u012bt\u012bba&#8221; nodro\u0161ina jaunu improviz\u0101cijas te\u0101tra pasniedz\u0113ju sagatavo\u0161anu (ik gadus pasniedzot 36 stundu kursus VISC p\u0113c Izgl\u012bt\u012bbas ministrij\u0101 apstiprin\u0101tas programmas, l\u012bdz ar to dodot iesp\u0113ju pedagogiem m\u0101c\u012bt b\u0113rniem un jaunie\u0161iem improviz\u0101ciju, k\u0101 ar\u012b citiem interesentiem apg\u016bt \u0161\u012bs prasmes, pilnveidojot savu profesion\u0101lo darb\u012bbu cit\u0101s jom\u0101s).<\/p>\n<p style=\"text-align: justify;\">T\u0101pat biedr\u012bba str\u0101d\u0101 ar eso\u0161ajiem, praktiz\u0113jo\u0161ajiem improviz\u0101cijas te\u0101tra pasniedz\u0113jiem, organiz\u0113jot katru gadu t\u0101l\u0101kizgl\u012bt\u012bbas kursus, pieaicinot par pasniedz\u0113jiem Latvij\u0101 atz\u012btus profesion\u0101\u013cus un vieslektorus no \u0101rvalst\u012bm. \u0160ajos kursos tiek apg\u016bti vingrin\u0101jumi aktiermeistar\u012bb\u0101, \u0137erme\u0146a valodas izkop\u0161an\u0101, improviz\u0101cij\u0101 , tiek apg\u016btas jaunas TSP tehnikas.<\/p>\n","protected":false},"excerpt":{"rendered":"<p>Te\u0101tra Sports (TSP) ir improviz\u0101cijas te\u0101tra specifisks novirziens, kur\u0101 tiek metodiski organiz\u0113ta sacens\u012bba starp div\u0101m vai vair\u0101k\u0101m aktieru komand\u0101m. Proces\u0101 tiek iesaist\u012btas konkr\u0113tas improviz\u0101cijas tehnikas, v\u0113rt\u0113\u0161anas sist\u0113ma un komisija. Latvij\u0101 TSP \u0113ra aizs\u0101kusies 1995. gad\u0101, kad Jaunaj\u0101 R\u012bgas te\u0101tr\u012b viesoj\u0101s Stokholmas &#8220;Zupas te\u0101tris&#8221;, kur\u0161 iepaz\u012bstin\u0101ja viet\u0113jos m\u0101ksliniekus ar min\u0113taj\u0101m tehnik\u0101m. Jau 1996. gad\u0101 Latvij\u0101 notika &hellip; <a href=\"https:\/\/improteatris.lv\/?page_id=947\" class=\"more-link\">Continue reading <span class=\"screen-reader-text\">Te\u0101tra sports<\/span><\/a><\/p>\n","protected":false},"author":1,"featured_media":0,"parent":0,"menu_order":10,"comment_status":"closed","ping_status":"closed","template":"","meta":{"ngg_post_thumbnail":0,"footnotes":""},"class_list":["post-947","page","type-page","status-publish","hentry"],"_links":{"self":[{"href":"https:\/\/improteatris.lv\/index.php?rest_route=\/wp\/v2\/pages\/947","targetHints":{"allow":["GET"]}}],"collection":[{"href":"https:\/\/improteatris.lv\/index.php?rest_route=\/wp\/v2\/pages"}],"about":[{"href":"https:\/\/improteatris.lv\/index.php?rest_route=\/wp\/v2\/types\/page"}],"author":[{"embeddable":true,"href":"https:\/\/improteatris.lv\/index.php?rest_route=\/wp\/v2\/users\/1"}],"replies":[{"embeddable":true,"href":"https:\/\/improteatris.lv\/index.php?rest_route=%2Fwp%2Fv2%2Fcomments&post=947"}],"version-history":[{"count":15,"href":"https:\/\/improteatris.lv\/index.php?rest_route=\/wp\/v2\/pages\/947\/revisions"}],"predecessor-version":[{"id":1372,"href":"https:\/\/improteatris.lv\/index.php?rest_route=\/wp\/v2\/pages\/947\/revisions\/1372"}],"wp:attachment":[{"href":"https:\/\/improteatris.lv\/index.php?rest_route=%2Fwp%2Fv2%2Fmedia&parent=947"}],"curies":[{"name":"wp","href":"https:\/\/api.w.org\/{rel}","templated":true}]}}