{"id":1352,"date":"2017-09-29T02:59:09","date_gmt":"2017-09-28T23:59:09","guid":{"rendered":"http:\/\/improteatris.lv\/?page_id=1352"},"modified":"2017-09-30T01:15:51","modified_gmt":"2017-09-29T22:15:51","slug":"jam-teatris-pilnigi-slepeni","status":"publish","type":"page","link":"https:\/\/improteatris.lv\/?page_id=1352","title":{"rendered":"Jam-te\u0101tris &#8220;Piln\u012bgi Slepeni&#8221;"},"content":{"rendered":"<p style=\"text-align: justify;\"><span style=\"color: #00ff00;\"><strong>Jam-te\u0101tra \u0161ovs PILN\u012aGI SLEPENI<\/strong><\/span>, taut\u0101 bie\u017e\u0101k d\u0113v\u0113ts k\u0101 vienk\u0101r\u0161i \u201cslepenie\u201d, ir \u012bpa\u0161i veidota platforma, uz kuras b\u0101zes kop\u0161 2012. gada pavasara sadarbojas da\u017e\u0101di Latvijas improviz\u0101cijas te\u0101tri.<\/p>\n<p style=\"text-align: justify;\">Katr\u0101 Jam-te\u0101tra izr\u0101d\u0113 piedal\u0101s p\u0101rst\u0101vji no da\u017e\u0101d\u0101m grup\u0101m vai skol\u0101m \u2013 lai \u012bst\u0101 improviz\u0101cijas <em>jam-session<\/em> iepaz\u012bstin\u0101tu skat\u012bt\u0101jus ar iesp\u0113jami pla\u0161\u0101ku improvizatoru un to p\u0101rst\u0101v\u0113to grupu kl\u0101stu, k\u0101 ar\u012b veicin\u0101tu sadarb\u012bbu starp t\u0101m un jaunu improviz\u0101cijas formu ra\u0161anu.<\/p>\n<p style=\"text-align: justify;\">\u0160ova producents ir D\u017eerijs \u0160terns; izr\u0101des norisin\u0101j\u0101s R\u012bgas klub\u0101 &#8220;Music Factory A Nice Place&#8221; no 2012. gada marta l\u012bdz 2015. gada novembrim. \u0160obr\u012bd min\u0113tais klubs ir sl\u0113gts, un ar\u012b projekta darb\u012bbai uzlikts moratorijs, paral\u0113li veidojot citus.<\/p>\n<p>Izlas\u012bt pla\u0161\u0101k par projekta ideju un norisi, k\u0101 ar\u012b apskat\u012bt foto un video materi\u0101lus J\u016bs varat m\u0101jaslap\u0101 <a href=\"http:\/\/www.slepenie.lv\" target=\"_blank\" rel=\"noopener\"><u>www.slepenie.lv<\/u><\/a>.<\/p>\nngg_shortcode_0_placeholder\n","protected":false},"excerpt":{"rendered":"<p>Jam-te\u0101tra \u0161ovs PILN\u012aGI SLEPENI, taut\u0101 bie\u017e\u0101k d\u0113v\u0113ts k\u0101 vienk\u0101r\u0161i \u201cslepenie\u201d, ir \u012bpa\u0161i veidota platforma, uz kuras b\u0101zes kop\u0161 2012. gada pavasara sadarbojas da\u017e\u0101di Latvijas improviz\u0101cijas te\u0101tri. Katr\u0101 Jam-te\u0101tra izr\u0101d\u0113 piedal\u0101s p\u0101rst\u0101vji no da\u017e\u0101d\u0101m grup\u0101m vai skol\u0101m \u2013 lai \u012bst\u0101 improviz\u0101cijas jam-session iepaz\u012bstin\u0101tu skat\u012bt\u0101jus ar iesp\u0113jami pla\u0161\u0101ku improvizatoru un to p\u0101rst\u0101v\u0113to grupu kl\u0101stu, k\u0101 ar\u012b veicin\u0101tu &hellip; <a href=\"https:\/\/improteatris.lv\/?page_id=1352\" class=\"more-link\">Continue reading <span class=\"screen-reader-text\">Jam-te\u0101tris &#8220;Piln\u012bgi Slepeni&#8221;<\/span><\/a><\/p>\n","protected":false},"author":1,"featured_media":0,"parent":0,"menu_order":0,"comment_status":"closed","ping_status":"closed","template":"","meta":{"ngg_post_thumbnail":0,"footnotes":""},"class_list":["post-1352","page","type-page","status-publish","hentry"],"_links":{"self":[{"href":"https:\/\/improteatris.lv\/index.php?rest_route=\/wp\/v2\/pages\/1352","targetHints":{"allow":["GET"]}}],"collection":[{"href":"https:\/\/improteatris.lv\/index.php?rest_route=\/wp\/v2\/pages"}],"about":[{"href":"https:\/\/improteatris.lv\/index.php?rest_route=\/wp\/v2\/types\/page"}],"author":[{"embeddable":true,"href":"https:\/\/improteatris.lv\/index.php?rest_route=\/wp\/v2\/users\/1"}],"replies":[{"embeddable":true,"href":"https:\/\/improteatris.lv\/index.php?rest_route=%2Fwp%2Fv2%2Fcomments&post=1352"}],"version-history":[{"count":6,"href":"https:\/\/improteatris.lv\/index.php?rest_route=\/wp\/v2\/pages\/1352\/revisions"}],"predecessor-version":[{"id":1434,"href":"https:\/\/improteatris.lv\/index.php?rest_route=\/wp\/v2\/pages\/1352\/revisions\/1434"}],"wp:attachment":[{"href":"https:\/\/improteatris.lv\/index.php?rest_route=%2Fwp%2Fv2%2Fmedia&parent=1352"}],"curies":[{"name":"wp","href":"https:\/\/api.w.org\/{rel}","templated":true}]}}